{"id":407,"date":"2016-03-20T13:07:11","date_gmt":"2016-03-20T12:07:11","guid":{"rendered":"http:\/\/www.erihs.fr\/?page_id=407"},"modified":"2023-07-07T08:38:17","modified_gmt":"2023-07-07T07:38:17","slug":"contact","status":"publish","type":"page","link":"https:\/\/www.erihs.fr\/?page_id=407","title":{"rendered":"Contacts"},"content":{"rendered":"<p>Pour toute question sur E-RIHS France ou la participation fran\u00e7aise \u00e0 E-RIHS Europe, veuillez contacter le coordinateur scientifique et l&rsquo;\u00e9quipe de la Fondation des Sciences du Patrimoine \u00e0 l&rsquo;adresse suivante : <a href=\"mailto:e-rihs.fr@sciences-patrimoine.org\">e-rihs.fr@sciences-patrimoine.org<\/a><\/p>\n<p>&nbsp;<\/p>\n<p><!--\n\t\n\n<li>contact@erihs.fr<\/li>\n\n\n--><\/p>\n<div style=\"display:none;\"><\/div>\n<div style=\"display:none;\"><\/div>\n<div style=\"display:none;\"><\/div>\n<div style=\"display:none;\"><\/div>\n","protected":false},"excerpt":{"rendered":"<p>Pour toute question sur E-RIHS France ou la participation fran\u00e7aise \u00e0 E-RIHS Europe, veuillez contacter le coordinateur scientifique et l&rsquo;\u00e9quipe<\/p>\n","protected":false},"author":10,"featured_media":0,"parent":0,"menu_order":0,"comment_status":"closed","ping_status":"closed","template":"","meta":{"colormag_page_container_layout":"default_layout","colormag_page_sidebar_layout":"default_layout","footnotes":""},"class_list":["post-407","page","type-page","status-publish","hentry"],"_links":{"self":[{"href":"https:\/\/www.erihs.fr\/index.php?rest_route=\/wp\/v2\/pages\/407","targetHints":{"allow":["GET"]}}],"collection":[{"href":"https:\/\/www.erihs.fr\/index.php?rest_route=\/wp\/v2\/pages"}],"about":[{"href":"https:\/\/www.erihs.fr\/index.php?rest_route=\/wp\/v2\/types\/page"}],"author":[{"embeddable":true,"href":"https:\/\/www.erihs.fr\/index.php?rest_route=\/wp\/v2\/users\/10"}],"replies":[{"embeddable":true,"href":"https:\/\/www.erihs.fr\/index.php?rest_route=%2Fwp%2Fv2%2Fcomments&post=407"}],"version-history":[{"count":8,"href":"https:\/\/www.erihs.fr\/index.php?rest_route=\/wp\/v2\/pages\/407\/revisions"}],"predecessor-version":[{"id":1485,"href":"https:\/\/www.erihs.fr\/index.php?rest_route=\/wp\/v2\/pages\/407\/revisions\/1485"}],"wp:attachment":[{"href":"https:\/\/www.erihs.fr\/index.php?rest_route=%2Fwp%2Fv2%2Fmedia&parent=407"}],"curies":[{"name":"wp","href":"https:\/\/api.w.org\/{rel}","templated":true}]}}