{"id":348,"date":"2016-03-20T12:22:09","date_gmt":"2016-03-20T11:22:09","guid":{"rendered":"http:\/\/www.erihs.fr\/?page_id=348"},"modified":"2023-07-21T10:09:20","modified_gmt":"2023-07-21T09:09:20","slug":"lignes-de-force","status":"publish","type":"page","link":"https:\/\/www.erihs.fr\/?page_id=348","title":{"rendered":"Principes scientifiques"},"content":{"rendered":"<p>E-RIHS met en \u0153uvre des bonnes pratiques inh\u00e9rentes \u00e0 toute infrastructure de recherche d\u2019envergure internationale, et ce, au travers de dix principes directeurs essentiels\u00a0:<\/p>\n<p><strong>Excellence \u2014 Soutenir des projets novateurs<\/strong>\u00a0: E-RIHS garantit la recherche d\u2019excellence par le biais d\u2019un soutien \u00e0 des projets de moyen et long terme n\u00e9cessitant des acc\u00e8s multiples \u00e0 des \u00e9quipements et plateformes.<\/p>\n<p><strong>Les comp\u00e9tences avant tout \u2014 Consid\u00e9rer les comp\u00e9tences comme centrales<\/strong>\u00a0: de par sa dimension interdisciplinaire, E-RIHS oblige les chercheurs et acteurs impliqu\u00e9s \u00e0 faire appel \u00e0 toutes les connaissances et comp\u00e9tences en sciences du patrimoine. Les projets s\u00e9lectionn\u00e9s pour acc\u00e9der \u00e0 E-RIHS ERIC sont \u00e9valu\u00e9s en fonction des comp\u00e9tences de toutes les personnes impliqu\u00e9es dans la proposition.<\/p>\n<p><strong>Interdisciplinarit\u00e9 \u2014 Optimiser le travail\u00a0des \u00e9quipes<\/strong>\u00a0: E-RIHS reconna\u00eet et soutient le travail d\u2019\u00e9quipe \u00e0 tous les stades du processus de recherche et encourage l\u2019utilisation de ses services par des \u00e9quipes interdisciplinaires, promouvant ainsi une culture de l\u2019\u00e9change et de la coop\u00e9ration.<\/p>\n<p><strong>Co-cr\u00e9ation \u2014 Construire un mod\u00e8le qui reconna\u00eet la contribution de chaque participant<\/strong>\u00a0: E-RIHS veut sortir de la relation binaire entre le fournisseur d\u2019acc\u00e8s et l\u2019utilisateur pour combiner leur expertise respective. Ainsi, par d\u00e9faut, tout r\u00e9sultat de leur travail conjoint sera exploitable par les deux parties.<\/p>\n<p><strong>Communication \u2014 B\u00e9n\u00e9ficier de la dimension publique des sites et institutions patrimoniaux<\/strong>\u00a0: Les recherches et innovations d\u2019E-RIHS visent \u00e0 \u00eatre directement exploit\u00e9es par les institutions publiques responsables du patrimoine. R\u00e9ciproquement, les citoyens et institutions patrimoniales peuvent \u00eatre moteurs dans la cr\u00e9ation d\u2019opportunit\u00e9s et de savoirs pour les sciences du patrimoine.<\/p>\n<p><strong>Interop\u00e9rabilit\u00e9 \u2014 Connecter le savoir<\/strong>\u00a0: E-RIHS encourage la r\u00e9utilisation de l\u2019information pour permettre sa r\u00e9plicabilit\u00e9 et donc l\u2019interop\u00e9rabilit\u00e9. E-RIHS s\u2019engage dans la d\u00e9marche europ\u00e9enne de l\u2019Open Science et \u00e0 respecter la charte <em>Heritage Data Re-Use<\/em> propos\u00e9 par DARIAH destin\u00e9e aux projets et infrastructures dans le domaine du patrimoine.<\/p>\n<p><strong>Innovation \u2014 Stimuler l\u2019\u00e9volution des pratiques et instruments gr\u00e2ce \u00e0 une recherche de pointe<\/strong>\u00a0: E-RIHS favorise l\u2019hybridation et les approches multimodales ou les techniques coupl\u00e9es et la fusion des donn\u00e9es permettant d\u2019am\u00e9liorer l\u2019\u00e9tude et la compr\u00e9hension du patrimoine et de ses mat\u00e9riaux.<\/p>\n<p><strong>Internationalisation \u2014 Collaborer au niveau international<\/strong>\u00a0: pour faire face aux d\u00e9fis des sciences du patrimoine, un effort conjoint et global est n\u00e9cessaire. E-RIHS facilite cette d\u00e9marche en collaborant avec des organisations internationales (ICCROM, UNESCO, IAEA) et des associations internationales de professionnels (ICON, IIC, ICOM, ICOMOS).<\/p>\n<p><strong>\u00c9thique \u2014 Respecter les valeurs patrimoniales et encourager une recherche responsable<\/strong>. Travailler sur les biens culturels suppose le respect de r\u00e8gles \u00e9thiques autour, notamment, du respect de l\u2019int\u00e9grit\u00e9 de l\u2019\u0153uvre.<\/p>\n<p><strong>Qualit\u00e9 \u2014 Garantir la meilleure exp\u00e9rience utilisateur<\/strong>\u00a0: E-RIHS va mettre en \u0153uvre un syst\u00e8me de contr\u00f4le de qualit\u00e9 appliqu\u00e9 \u00e0 toutes les activit\u00e9s de l\u2019infrastructure pour garantir la meilleure confiance dans les processus et les r\u00e9sultats<\/p>\n<div style=\"display:none;\"><\/div>\n<div style=\"display:none;\"><\/div>\n<div style=\"display:none;\"><\/div>\n<div style=\"display:none;\"><\/div>\n","protected":false},"excerpt":{"rendered":"<p>E-RIHS met en \u0153uvre des bonnes pratiques inh\u00e9rentes \u00e0 toute infrastructure de recherche d\u2019envergure internationale, et ce, au travers de<\/p>\n","protected":false},"author":10,"featured_media":0,"parent":0,"menu_order":0,"comment_status":"closed","ping_status":"closed","template":"","meta":{"colormag_page_container_layout":"default_layout","colormag_page_sidebar_layout":"default_layout","footnotes":""},"class_list":["post-348","page","type-page","status-publish","hentry"],"_links":{"self":[{"href":"https:\/\/www.erihs.fr\/index.php?rest_route=\/wp\/v2\/pages\/348","targetHints":{"allow":["GET"]}}],"collection":[{"href":"https:\/\/www.erihs.fr\/index.php?rest_route=\/wp\/v2\/pages"}],"about":[{"href":"https:\/\/www.erihs.fr\/index.php?rest_route=\/wp\/v2\/types\/page"}],"author":[{"embeddable":true,"href":"https:\/\/www.erihs.fr\/index.php?rest_route=\/wp\/v2\/users\/10"}],"replies":[{"embeddable":true,"href":"https:\/\/www.erihs.fr\/index.php?rest_route=%2Fwp%2Fv2%2Fcomments&post=348"}],"version-history":[{"count":4,"href":"https:\/\/www.erihs.fr\/index.php?rest_route=\/wp\/v2\/pages\/348\/revisions"}],"predecessor-version":[{"id":1689,"href":"https:\/\/www.erihs.fr\/index.php?rest_route=\/wp\/v2\/pages\/348\/revisions\/1689"}],"wp:attachment":[{"href":"https:\/\/www.erihs.fr\/index.php?rest_route=%2Fwp%2Fv2%2Fmedia&parent=348"}],"curies":[{"name":"wp","href":"https:\/\/api.w.org\/{rel}","templated":true}]}}