{"id":1627,"date":"2023-07-19T11:38:10","date_gmt":"2023-07-19T10:38:10","guid":{"rendered":"https:\/\/www.erihs.fr\/?page_id=1627"},"modified":"2025-12-19T17:23:52","modified_gmt":"2025-12-19T16:23:52","slug":"molab","status":"publish","type":"page","link":"https:\/\/www.erihs.fr\/?page_id=1627","title":{"rendered":"MOLAB"},"content":{"rendered":"\n<p>Le MOLAB (MObile LABoratory) est une infrastructure distribu\u00e9e de classe mondiale form\u00e9e de laboratoires cl\u00e9s dans 10&nbsp;pays europ\u00e9ens offrant un acc\u00e8s coh\u00e9rent, sous une structure de gestion unifi\u00e9e, \u00e0 un ensemble d\u2019\u00e9quipements mobiles et de comp\u00e9tences connexes, pour des mesures non destructives in situ d\u2019\u0153uvres d\u2019art, de collections, de monuments et de sites. L\u2019analyse peut \u00eatre orient\u00e9e vers des questions d\u2019histoire de l\u2019art ou d\u2019arch\u00e9ologie (techniques d\u2019ex\u00e9cution, datation, dessins sous-jacents dans les peintures, etc.)\u2009; \u00e9valuer l\u2019\u00e9tat de conservation des artefacts\u2009; d\u00e9terminer ou tester la strat\u00e9gie de pr\u00e9servation optimale pour ralentir les processus d\u2019alt\u00e9ration\u2009; suivre et contr\u00f4ler dans le temps les traitements de conservation et \u00e9valuer les risques induits de ceux-ci.<\/p>\n\n\n\n<div class=\"wp-block-columns are-vertically-aligned-top is-layout-flex wp-container-core-columns-is-layout-28f84493 wp-block-columns-is-layout-flex\">\n<div class=\"wp-block-column is-vertically-aligned-top is-layout-flow wp-block-column-is-layout-flow\">\n<figure class=\"wp-block-embed is-type-video is-provider-youtube wp-block-embed-youtube wp-embed-aspect-16-9 wp-has-aspect-ratio\"><div class=\"wp-block-embed__wrapper\">\n<iframe loading=\"lazy\" title=\"E-RIHS Services: the MOLAB platform\" width=\"800\" height=\"450\" src=\"https:\/\/www.youtube.com\/embed\/1fbS-Ev1_ho?feature=oembed\" frameborder=\"0\" allow=\"accelerometer; autoplay; clipboard-write; encrypted-media; gyroscope; picture-in-picture; web-share\" referrerpolicy=\"strict-origin-when-cross-origin\" allowfullscreen><\/iframe>\n<\/div><\/figure>\n<\/div>\n\n\n\n<div class=\"wp-block-column is-vertically-aligned-top is-layout-flow wp-block-column-is-layout-flow\">\n<p>La mise \u00e0 disposition d\u2019une plateforme mobile de ce type est justifi\u00e9e par le fait qu\u2019une part importante du patrimoine culturel est constitu\u00e9e de monuments, peintures murales, sculptures, vitraux ou collections mobili\u00e8res qui ne peuvent \u00eatre d\u00e9plac\u00e9s. Ceci induit que les \u00e9tudes, observations et analyses non invasives sur ces objets doivent n\u00e9cessairement \u00eatre r\u00e9alis\u00e9es <em>in situ<\/em>, \u00e0 l\u2019aide d\u2019instruments mobiles. <\/p>\n<\/div>\n<\/div>\n\n\n\n<p><\/p>\n\n\n\n<p>M\u00eame dans le cas du patrimoine mobilier (peintures, c\u00e9ramiques, pierres pr\u00e9cieuses, manuscrits, etc.), il est souvent difficile, voire impossible, de d\u00e9placer ces \u0153uvres vers un laboratoire, en raison des risques et des co\u00fbts \u00e9lev\u00e9s associ\u00e9s \u00e0 leur transport et \u00e0 leur \u00e9tat souvent fragile. Un autre avantage du MOLAB est que les mesures donnent des r\u00e9sultats en temps r\u00e9el, ce qui permet une premi\u00e8re discussion imm\u00e9diate sur les donn\u00e9es enregistr\u00e9es, avec les diff\u00e9rents intervenants, architectes, conservateurs, restaurateurs, arch\u00e9ologues ou historiens d\u2019art, dans un dialogue interdisciplinaire.<\/p>\n\n\n\n<p>Le MOLAB comprend \u00e9galement des outils de t\u00e9l\u00e9d\u00e9tection terrestre et a\u00e9rienne, suivant les pays, ce qui permet de mener des recherches interdisciplinaires dans de nouveaux domaines tels que i) l\u2019exploration, l\u2019\u00e9tude et la documentation des sites arch\u00e9ologiques, ii) l\u2019arch\u00e9ologie du paysage&nbsp;iii) l\u2019interpr\u00e9tation, la documentation et le diagnostic de l\u2019\u00e9tat de conservation du patrimoine b\u00e2ti et monumental. La composition de la plateforme est en \u00e9volution constante, notamment gr\u00e2ce au d\u00e9veloppement instrumental permis par l\u2019EquipEx+ ESPADON et d\u2019autres projets internes des unit\u00e9s, ainsi qu\u2019aux \u00e9changes avec les professionnels du patrimoine qui permettent de mieux comprendre leurs besoins. Ces d\u00e9veloppements sont aussi l\u2019occasion de renforcer l\u2019interop\u00e9rabilit\u00e9 et la mise en synergie des donn\u00e9es MOLAB, en coop\u00e9ration avec les responsables de DIGILAB.<\/p>\n\n\n\n<p>Cette plateforme est organis\u00e9e autour d\u2019une liste d\u2019\u00e9quipements disponibles ainsi qu\u2019une liste de chercheurs issus des fournisseurs d\u2019acc\u00e8s sp\u00e9cialistes de certains mat\u00e9riaux ou de certaines techniques analytiques. La participation \u00e0 MOLAB favorise les \u00e9changes entre les diff\u00e9rentes \u00e9quipes des fournisseurs d\u2019acc\u00e8s qui sont souvent amen\u00e9s \u00e0 se d\u00e9placer ensemble et \u00e0 exploiter les r\u00e9sultats en collaboration avec les utilisateurs. La r\u00e9partition des projets entre les agents fait l\u2019objet d\u2019une organisation sp\u00e9cifique d\u00e9taill\u00e9e dans un document interne.<\/p>\n\n\n\n<p><span style=\"text-decoration: underline;\">Fournisseurs d&rsquo;acc\u00e8s \u00e0 MOLAB :<\/span><br>C2RMF, CICRP, CRC, LAMS, LRMH, MAP, SATIE<\/p>\n\n\n\n<p><\/p>\n\r\n","protected":false},"excerpt":{"rendered":"<p>Le MOLAB (MObile LABoratory) est une infrastructure distribu\u00e9e de classe mondiale form\u00e9e de laboratoires cl\u00e9s dans 10&nbsp;pays europ\u00e9ens offrant un<\/p>\n","protected":false},"author":9,"featured_media":0,"parent":1622,"menu_order":0,"comment_status":"closed","ping_status":"closed","template":"","meta":{"colormag_page_container_layout":"default_layout","colormag_page_sidebar_layout":"default_layout","footnotes":""},"class_list":["post-1627","page","type-page","status-publish","hentry"],"_links":{"self":[{"href":"https:\/\/www.erihs.fr\/index.php?rest_route=\/wp\/v2\/pages\/1627","targetHints":{"allow":["GET"]}}],"collection":[{"href":"https:\/\/www.erihs.fr\/index.php?rest_route=\/wp\/v2\/pages"}],"about":[{"href":"https:\/\/www.erihs.fr\/index.php?rest_route=\/wp\/v2\/types\/page"}],"author":[{"embeddable":true,"href":"https:\/\/www.erihs.fr\/index.php?rest_route=\/wp\/v2\/users\/9"}],"replies":[{"embeddable":true,"href":"https:\/\/www.erihs.fr\/index.php?rest_route=%2Fwp%2Fv2%2Fcomments&post=1627"}],"version-history":[{"count":8,"href":"https:\/\/www.erihs.fr\/index.php?rest_route=\/wp\/v2\/pages\/1627\/revisions"}],"predecessor-version":[{"id":4722,"href":"https:\/\/www.erihs.fr\/index.php?rest_route=\/wp\/v2\/pages\/1627\/revisions\/4722"}],"up":[{"embeddable":true,"href":"https:\/\/www.erihs.fr\/index.php?rest_route=\/wp\/v2\/pages\/1622"}],"wp:attachment":[{"href":"https:\/\/www.erihs.fr\/index.php?rest_route=%2Fwp%2Fv2%2Fmedia&parent=1627"}],"curies":[{"name":"wp","href":"https:\/\/api.w.org\/{rel}","templated":true}]}}