{"id":1488,"date":"2023-07-07T09:20:32","date_gmt":"2023-07-07T08:20:32","guid":{"rendered":"https:\/\/www.erihs.fr\/?page_id=1488"},"modified":"2025-10-31T16:53:00","modified_gmt":"2025-10-31T15:53:00","slug":"e-rihs-implementation-phase","status":"publish","type":"page","link":"https:\/\/www.erihs.fr\/?page_id=1488","title":{"rendered":"E-RIHS Implementation Phase (2022 &#8211; 2024)"},"content":{"rendered":"<p>E-RIHS Implementation Phase \u00e9tait la derni\u00e8re \u00e9tape avant la cr\u00e9ation de l&rsquo;European Research Infrastructure Consortium (ERIC). Cette \u00ab\u00a0Coordination Action Support\u00a0\u00bb est financ\u00e9e par la Commission europ\u00e9enne dans le cadre de l&rsquo;appel \u00e0 projets \u00ab\u00a0HORIZON-INFRA-2021-DEV-02 \u00ab\u00a0. Le projet a d\u00e9but\u00e9 le 1er octobre 2022 et rassemble 17 partenaires r\u00e9partis dans 14 pays et s&rsquo;est termin\u00e9 le 31 d\u00e9cembre 2024.<\/p>\n<p>Le consortium\u00a0regroupe les repr\u00e9sentants des n\u0153uds nationaux des Etats membres souhaitant supporter l&rsquo;\u00e9tablissement de l&rsquo;ERIC ainsi qu&rsquo;un observateur permanent. E-RIHS IP a pour objectif de permettre la phase de mise en oeuvre d&rsquo;E-RIHS pour pr\u00e9parer le lancement de l&rsquo;E-RIHS ERIC en tant qu&rsquo;infrastructure de recherche de r\u00e9f\u00e9rence dans le domaine des sciences du patrimoine au niveaux europ\u00e9en et international.<\/p>\n<p>Les objectifs et la m\u00e9thodologie du plan de travail de l&rsquo;E-RIHS IP visent \u00e0 surmonter obstacles\u00a0mis en \u00e9vidence dans les<br \/>\nrecommandations du rapport de suivi ESFRI 2020, du rapport du groupe d&rsquo;experts de haut niveau de la CE (2020) et de l&rsquo;\u00e9valuation ERIC \u00e9tape 1 (2021).<br \/>\nLes actions du projet\u00a0sont consacr\u00e9es \u00e0 :<\/p>\n<p>(i) mettre en \u0153uvre la structure de gouvernance de l&rsquo;E-RIHS et finaliser son architecture distribu\u00e9e ;<\/p>\n<p>(ii) soutenir la gestion de l&rsquo;E-RIHS avec des strat\u00e9gies et des plans de mise en \u0153uvre connexes concernant les ressources humaines, l&rsquo;approvisionnement, la gestion des risques et le syst\u00e8me de qualit\u00e9 ;<\/p>\n<p>(iii) maintenir et d\u00e9velopper l&rsquo;excellence \u00e9tablie d&rsquo;E-RIHS en mati\u00e8re d&rsquo;acc\u00e8s des utilisateurs et favoriser le libre acc\u00e8s FAIR gr\u00e2ce \u00e0 la conception de la plateforme DIGILAB ;<\/p>\n<p>(iv) renforcer la coop\u00e9ration internationale, cultiver les synergies et consolider la communaut\u00e9 des sciences du patrimoine autour d&rsquo;E-RIHS, tout en\u00a0garantissant la qualit\u00e9 des projets et en \u00e9tablissant E-RIHS dans le paysage des\u00a0infrastructures de recherches europ\u00e9ennes\u00a0et des initiatives mondiales ;<\/p>\n<p>(v) assurer la p\u00e9rennit\u00e9 de l&rsquo;ERIC et lib\u00e9rer son potentiel d&rsquo;impact socio-\u00e9conomique en fournissant \u00e0 E-RIHS un business plan actualis\u00e9 et une strat\u00e9gie de marketing adapt\u00e9e \u00e0 sa nouvelle phase.<\/p>\n<div style=\"display: none;\"><\/div>\n","protected":false},"excerpt":{"rendered":"<p>E-RIHS Implementation Phase \u00e9tait la derni\u00e8re \u00e9tape avant la cr\u00e9ation de l&rsquo;European Research Infrastructure Consortium (ERIC). Cette \u00ab\u00a0Coordination Action Support\u00a0\u00bb<\/p>\n","protected":false},"author":9,"featured_media":0,"parent":353,"menu_order":0,"comment_status":"closed","ping_status":"closed","template":"","meta":{"colormag_page_container_layout":"default_layout","colormag_page_sidebar_layout":"default_layout","footnotes":""},"class_list":["post-1488","page","type-page","status-publish","hentry"],"_links":{"self":[{"href":"https:\/\/www.erihs.fr\/index.php?rest_route=\/wp\/v2\/pages\/1488","targetHints":{"allow":["GET"]}}],"collection":[{"href":"https:\/\/www.erihs.fr\/index.php?rest_route=\/wp\/v2\/pages"}],"about":[{"href":"https:\/\/www.erihs.fr\/index.php?rest_route=\/wp\/v2\/types\/page"}],"author":[{"embeddable":true,"href":"https:\/\/www.erihs.fr\/index.php?rest_route=\/wp\/v2\/users\/9"}],"replies":[{"embeddable":true,"href":"https:\/\/www.erihs.fr\/index.php?rest_route=%2Fwp%2Fv2%2Fcomments&post=1488"}],"version-history":[{"count":8,"href":"https:\/\/www.erihs.fr\/index.php?rest_route=\/wp\/v2\/pages\/1488\/revisions"}],"predecessor-version":[{"id":4580,"href":"https:\/\/www.erihs.fr\/index.php?rest_route=\/wp\/v2\/pages\/1488\/revisions\/4580"}],"up":[{"embeddable":true,"href":"https:\/\/www.erihs.fr\/index.php?rest_route=\/wp\/v2\/pages\/353"}],"wp:attachment":[{"href":"https:\/\/www.erihs.fr\/index.php?rest_route=%2Fwp%2Fv2%2Fmedia&parent=1488"}],"curies":[{"name":"wp","href":"https:\/\/api.w.org\/{rel}","templated":true}]}}