{"id":1146,"date":"2018-04-23T18:37:35","date_gmt":"2018-04-23T17:37:35","guid":{"rendered":"http:\/\/www.erihs.fr\/?page_id=1146"},"modified":"2025-03-27T12:18:05","modified_gmt":"2025-03-27T11:18:05","slug":"assemblee-generale-des-fournisseurs-dacces","status":"publish","type":"page","link":"https:\/\/www.erihs.fr\/?page_id=1146","title":{"rendered":"Assembl\u00e9e g\u00e9n\u00e9rale des Fournisseurs d&rsquo;acc\u00e8s"},"content":{"rendered":"<p>L\u2019Assembl\u00e9e g\u00e9n\u00e9rale des fournisseurs d\u2019acc\u00e8s est constitu\u00e9e d\u2019un repr\u00e9sentant par fournisseur d\u2019acc\u00e8s. Elle est pr\u00e9sid\u00e9e par le coordinateur scientifique d&rsquo;E-RIHS France.<\/p>\n<p>Elle fait le lien avec les communaut\u00e9s utilisatrices et fait notamment remonter aux instances de gouvernance fran\u00e7aises et europ\u00e9ennes les besoins relatifs \u00e0 l\u2019offre d\u2019acc\u00e8s d\u2019E-RIHS Europe et d\u2019E-RIHS France\u2009ou \u00e0 toute autre activit\u00e9 scientifique r\u00e9alis\u00e9e dans ce cadre.<\/p>\n<p>Elle organise des \u00e9changes structur\u00e9s entre les participants sur l\u2019adoption de bonnes pratiques scientifiques et de gestion des plateformes, d\u00e9veloppe une offre de formation nationale et travaille en collaboration avec d\u2019autres projets structurants, \u00e0 la mise en place de solutions pour l\u2019interop\u00e9rabilit\u00e9 des donn\u00e9es issues des activit\u00e9s d\u2019E-RIHS France, en appliquant les principes de la science ouverte. Enfin, elle organise la participation des fournisseurs d\u2019acc\u00e8s aux activit\u00e9s de communication et de diss\u00e9mination et au montage de r\u00e9ponses concert\u00e9es aux appels \u00e0 projets nationaux et europ\u00e9ens.<\/p>\n<h4><strong>Les Fournisseurs d\u2019acc\u00e8s<\/strong><\/h4>\n<p>&nbsp;<\/p>\n<ol>\n<li><a href=\"http:\/\/www.cbmn.u-bordeaux.fr\/\">Institut de Chimie et de Biologie des Membranes et des Nano-objets<\/a><a href=\"http:\/\/www.cemes.fr\/\" target=\"_blank\"> (CBMN)<\/a>, unit\u00e9 mixte de recherche (UMR 5248), CNRS, Universit\u00e9 de Bordeaux,\u00a0Institut National Polytechnique de Bordeaux, et\u00a0<a href=\"https:\/\/proteome.u-bordeaux.fr\/\">Plateforme Prot\u00e9ome de l\u2019Universit\u00e9 de Bordeaux<\/a> (\u00ab\u00a0HERIT\u2019OMICS\u00a0\u00bb)<\/li>\n<li><a href=\"http:\/\/www.cemes.fr\/\" target=\"_blank\">Centre d\u2019\u00c9laboration de Mat\u00e9riaux et d&rsquo;\u00c9tudes Structurales<\/a> (CEMES), unit\u00e9 propre de recherche (UPR 8011), CNRS<\/li>\n<li><a href=\"http:\/\/cicrp.info\/\" target=\"_blank\">Centre Interdisciplinaire de Conservation et Restauration du Patrimoine<\/a> (CICRP), groupement d&rsquo;int\u00e9r\u00eat public \u00e0 caract\u00e8re culturel, Minist\u00e8re de la Culture, Ville de Marseille, Conseil R\u00e9gional de Provence-Alpes-C\u00f4te d&rsquo;Azur, Conseil D\u00e9partemental des Bouches-du-Rh\u00f4ne<\/li>\n<li><a href=\"http:\/\/c2rmf.fr\/\" target=\"_blank\">Centre de recherche et de restauration des mus\u00e9es de France<\/a> (C2RMF), service \u00e0 comp\u00e9tence nationale (MC), en collaboration avec le <a href=\"https:\/\/emploi.cnrs.fr\/Unites\/UAR3506\/Default.aspx\" target=\"_blank\"><span class=\"valeur\">Laboratoire de d\u00e9veloppement instrumental et de m\u00e9thodologies innovantes pour les biens culturels<\/span> <\/a>(Lab-Bc), unit\u00e9 d&rsquo;appui \u00e0 la recherche (UAR3506), CNRS<\/li>\n<li><a href=\"http:\/\/crc.mnhn.fr\/\" target=\"_blank\">Centre de recherche sur la conservation<\/a> (CRC), \u00a0unit\u00e9 mixte de service et de recherche (USR\u00a03224), CNRS, Minist\u00e8re de la Culture,\u00a0Museum national d&rsquo;histoire naturelle Paris<\/li>\n<li><a href=\"https:\/\/www.etis-lab.fr\/\">\u00c9quipe Traitement de l&rsquo;Information et Syst\u00e8mes<\/a> (ETIS), unit\u00e9 mixte de recherche (UMR 8051), CNRS, ENSEA, Cergy Paris Universit\u00e9<\/li>\n<li><a href=\"http:\/\/ipanema.cnrs.fr\/\" target=\"_blank\">Institut photonique d\u2019Analyse Non-destructive Europ\u00e9en des Mat\u00e9riaux Anciens<\/a> (IPANEMA), unit\u00e9 mixte de service et de recherche (USR 3461), CNRS, Minist\u00e8re de la Culture, UVSQ, Museum national d&rsquo;histoire naturelle Paris<\/li>\n<li><a href=\"https:\/\/www.inp.fr\/\">Institut National du Patrimoine<\/a>\u00a0(INP)<\/li>\n<li><a href=\"https:\/\/iramis.cea.fr\/nimbe\/lapa\/\">Laboratoire Arch\u00e9omat\u00e9riaux et Pr\u00e9vision de l&rsquo;Alt\u00e9ration<\/a> (LAPA) (IRAMAT UMR 7065 CNRS et NIMBE UMR3685 CEA\/CNRS)<\/li>\n<li><a href=\"http:\/\/www.umr-lams.fr\/\">Laboratoire d&rsquo;arch\u00e9ologie mol\u00e9culaire et structurale<\/a> (LAMS), unit\u00e9 mixte de recherche (UMR 8220), CNRS, Sorbonne Universit\u00e9<\/li>\n<li><a href=\"http:\/\/www.lsce.ipsl.fr\/Phocea\/Vie_des_labos\/Ast\/ast_groupe.php?id_groupe=60\" target=\"_blank\">Laboratoire de Mesure du Carbone-14<\/a> (LMC-14 ARTEMIS), Laboratoire des sciences du climat et de l\u2019environnement,\u00a0\u00a0CNRS,\u00a0CEA,\u00a0IRSN,\u00a0IRD,\u00a0Minist\u00e8re de la Culture<\/li>\n<li><a href=\"http:\/\/www.lrmh.fr\/\" target=\"_blank\">Laboratoire de recherche des monuments historiques<\/a> (LRMH), service \u00e0 comp\u00e9tence nationale, Minist\u00e8re de la Culture<\/li>\n<li><a href=\"http:\/\/www.map.cnrs.fr\/\" target=\"_blank\">Mod\u00e8les et Simulations pour l&rsquo;Architecture et le Patrimoine<\/a> (MAP), unit\u00e9 mixte de recherche (UMR 3495), CNRS, Minist\u00e8re de la Culture<\/li>\n<li><a href=\"https:\/\/satie.ens-paris-saclay.fr\/fr\">Laboratoire des Syst\u00e8mes et Applications des Technologies de l&rsquo;Information et de l&rsquo;\u00c9nergie<\/a> (SATIE), unit\u00e9 mixte de recherche (UMR 8029),\u00a0ENS Paris-Saclay,\u00a0ENS Rennes,\u00a0Universit\u00e9 Paris-Saclay,\u00a0Cergy Paris Universit\u00e9,\u00a0Universit\u00e9 Gustave Eiffel,\u00a0CNAM Paris,\u00a0CNRS<\/li>\n<li><a href=\"http:\/\/traces.univ-tlse2.fr\/\" target=\"_blank\">Laboratoire Travaux et Recherches Arch\u00e9ologiques sur les Cultures, les Espaces et les Soci\u00e9t\u00e9s<\/a> (TRACES), unit\u00e9 mixte de recherche (UMR 5608), CNRS, Universit\u00e9 Toulouse &#8211; Jean Jaur\u00e8s, Minist\u00e8re de la Culture<\/li>\n<\/ol>\n<p>&nbsp;<\/p>\n<div style=\"display: none;\"><\/div>\n","protected":false},"excerpt":{"rendered":"<p>L\u2019Assembl\u00e9e g\u00e9n\u00e9rale des fournisseurs d\u2019acc\u00e8s est constitu\u00e9e d\u2019un repr\u00e9sentant par fournisseur d\u2019acc\u00e8s. Elle est pr\u00e9sid\u00e9e par le coordinateur scientifique d&rsquo;E-RIHS<\/p>\n","protected":false},"author":10,"featured_media":0,"parent":0,"menu_order":0,"comment_status":"closed","ping_status":"closed","template":"","meta":{"colormag_page_container_layout":"default_layout","colormag_page_sidebar_layout":"default_layout","footnotes":""},"class_list":["post-1146","page","type-page","status-publish","hentry"],"_links":{"self":[{"href":"https:\/\/www.erihs.fr\/index.php?rest_route=\/wp\/v2\/pages\/1146","targetHints":{"allow":["GET"]}}],"collection":[{"href":"https:\/\/www.erihs.fr\/index.php?rest_route=\/wp\/v2\/pages"}],"about":[{"href":"https:\/\/www.erihs.fr\/index.php?rest_route=\/wp\/v2\/types\/page"}],"author":[{"embeddable":true,"href":"https:\/\/www.erihs.fr\/index.php?rest_route=\/wp\/v2\/users\/10"}],"replies":[{"embeddable":true,"href":"https:\/\/www.erihs.fr\/index.php?rest_route=%2Fwp%2Fv2%2Fcomments&post=1146"}],"version-history":[{"count":20,"href":"https:\/\/www.erihs.fr\/index.php?rest_route=\/wp\/v2\/pages\/1146\/revisions"}],"predecessor-version":[{"id":1691,"href":"https:\/\/www.erihs.fr\/index.php?rest_route=\/wp\/v2\/pages\/1146\/revisions\/1691"}],"wp:attachment":[{"href":"https:\/\/www.erihs.fr\/index.php?rest_route=%2Fwp%2Fv2%2Fmedia&parent=1146"}],"curies":[{"name":"wp","href":"https:\/\/api.w.org\/{rel}","templated":true}]}}