{"id":1144,"date":"2018-04-23T18:37:05","date_gmt":"2018-04-23T17:37:05","guid":{"rendered":"http:\/\/www.erihs.fr\/?page_id=1144"},"modified":"2026-03-12T15:05:48","modified_gmt":"2026-03-12T14:05:48","slug":"coordination","status":"publish","type":"page","link":"https:\/\/www.erihs.fr\/?page_id=1144","title":{"rendered":"Coordination d&rsquo;E-RIHS France"},"content":{"rendered":"<p>La coordination scientifique d&rsquo;E-RIHS France est assur\u00e9e depuis 2025 par Livio de Luca (MAP, CNRS) et Claire Pacheco (C2RMF, Minist\u00e8re de la Culture) en tant que coordinatrice scientifique adjointe. Leurs activit\u00e9s sont men\u00e9es\u00a0avec le soutien du p\u00f4le E-RIHS de la Fondation des Sciences du Patrimoine.<\/p>\n<p>La participation fran\u00e7aise \u00e0 E-RIHS a \u00e9t\u00e9 coordonn\u00e9e par Lo\u00efc Bertrand (PPSM, CNRS, ENS Paris-Saclay) et Isabelle Pallot-Frossard (C2RMF, Minist\u00e8re de la Culture) de 2016 \u00e0 2022, puis par Victor Etgens (C2RMF, Minist\u00e8re de la Culture) du printemps 2022 au printemps 2025.<\/p>\n<h6>Le r\u00f4le du coordinateur<\/h6>\n<p>D\u00e9sign\u00e9 par le comit\u00e9 de pilotage pour une dur\u00e9e de trois ans, renouvelable une fois, le coordinateur scientifique d\u2019E-RIHS France est aussi d\u00e9sign\u00e9 sous le terme de \u00ab\u2009coordinateur national\u2009\u00bb dans les statuts d\u2019E-RIHS ERIC. Il repr\u00e9sente la communaut\u00e9 scientifique d\u2019E-RIHS France au niveau europ\u00e9en via sa participation au comit\u00e9 des n\u0153uds nationaux de l\u2019ERIC.<\/p>\n<p>Au niveau national, il est charg\u00e9 de la mise en \u0153uvre des d\u00e9cisions du comit\u00e9 de pilotage et des activit\u00e9s d\u2019E-RIHS France, y compris celles r\u00e9sultant de l\u2019engagement de la France dans E-RIHS ERIC, et b\u00e9n\u00e9ficie de l\u2019appui du p\u00f4le E-RIHS de l\u2019\u00e9tablissement porteur.<\/p>\n<p>Sur le plan scientifique, le coordinateur anime le travail r\u00e9alis\u00e9 par les fournisseurs d&rsquo;acc\u00e8s et diff\u00e9rents partenaires int\u00e9ress\u00e9s.<\/p>\n<div style=\"display: none;\"><\/div>\n<div style=\"display: none;\"><\/div>\n<div style=\"display: none;\"><\/div>\n<div style=\"display: none;\"><\/div>\n","protected":false},"excerpt":{"rendered":"<p>La coordination scientifique d&rsquo;E-RIHS France est assur\u00e9e depuis 2025 par Livio de Luca (MAP, CNRS) et Claire Pacheco (C2RMF, Minist\u00e8re<\/p>\n","protected":false},"author":10,"featured_media":0,"parent":0,"menu_order":0,"comment_status":"closed","ping_status":"closed","template":"","meta":{"colormag_page_container_layout":"default_layout","colormag_page_sidebar_layout":"default_layout","footnotes":""},"class_list":["post-1144","page","type-page","status-publish","hentry"],"_links":{"self":[{"href":"https:\/\/www.erihs.fr\/index.php?rest_route=\/wp\/v2\/pages\/1144","targetHints":{"allow":["GET"]}}],"collection":[{"href":"https:\/\/www.erihs.fr\/index.php?rest_route=\/wp\/v2\/pages"}],"about":[{"href":"https:\/\/www.erihs.fr\/index.php?rest_route=\/wp\/v2\/types\/page"}],"author":[{"embeddable":true,"href":"https:\/\/www.erihs.fr\/index.php?rest_route=\/wp\/v2\/users\/10"}],"replies":[{"embeddable":true,"href":"https:\/\/www.erihs.fr\/index.php?rest_route=%2Fwp%2Fv2%2Fcomments&post=1144"}],"version-history":[{"count":6,"href":"https:\/\/www.erihs.fr\/index.php?rest_route=\/wp\/v2\/pages\/1144\/revisions"}],"predecessor-version":[{"id":4791,"href":"https:\/\/www.erihs.fr\/index.php?rest_route=\/wp\/v2\/pages\/1144\/revisions\/4791"}],"wp:attachment":[{"href":"https:\/\/www.erihs.fr\/index.php?rest_route=%2Fwp%2Fv2%2Fmedia&parent=1144"}],"curies":[{"name":"wp","href":"https:\/\/api.w.org\/{rel}","templated":true}]}}